by 71?
61
What is the remainder when 323 is divided by 117?
89
Calculate the remainder when 11173 is divided by 127.
124
Calculate the remainder when 56 is divided by 43.
13
Calculate the remainder when 137 is divided by 16.
9
What is the remainder when 812 is divided by 48?
44
Calculate the remainder when 1909 is divided by 334.
239
Calculate the remainder when 1207 is divided by 174.
163
Calculate the remainder when 185 is divided by 17.
15
Calculate the remainder when 1697 is divided by 17.
14
What is the remainder when 70 is divided by 22?
4
Calculate the remainder when 2551 is divided by 366.
355
What is the remainder when 14267 is divided by 116?
115
What is the remainder when 115 is divided by 15?
10
What is the remainder when 215 is divided by 44?
39
What is the remainder when 109 is divided by 41?
27
Calculate the remainder when 725 is divided by 53.
36
Calculate the remainder when 744 is divided by 268.
208
Calculate the remainder when 504 is divided by 121.
20
Calculate the remainder when 608 is divided by 10.
8
What is the remainder when 513 is divided by 57?
0
What is the remainder when 334 is divided by 85?
79
What is the remainder when 172 is divided by 47?
31
Calculate the remainder when 3628 is divided by 1207.
7
What is the remainder when 26 is divided by 16?
10
What is the remainder when 626 is divided by 105?
101
What is the remainder when 152 is divided by 40?
32
Calculate the remainder when 1696 is divided by 1676.
20
What is the remainder when 73 is divided by 27?
19
Calculate the remainder when 182 is divided by 2.
0
Calculate the remainder when 539 is divided by 15.
14
What is the remainder when 172 is divided by 89?
83
Calculate the remainder when 617 is divided by 156.
149
Calculate the remainder when 645 is divided by 100.
45
What is the remainder when 334 is divided by 19?
11
Calculate the remainder when 186 is divided by 10.
6
Calculate the remainder when 518 is divided by 29.
25
Calculate the remainder when 717 is divided by 49.
31
What is the remainder when 70 is divided by 10?
0
Calculate the remainder when 365 is divided by 195.
170
Calculate the remainder when 3404 is divided by 61.
49
What is the remainder when 1239 is divided by 17?
15
What is the remainder when 1543 is divided by 132?
91
What is the remainder when 312 is divided by 111?
90
Calculate the remainder when 456 is divided by 23.
19
Calculate the remainder when 123 is divided by 60.
3
What is the remainder when 7872 is divided by 35?
32
Calculate the remainder when 255 is divided by 28.
3
What is the remainder when 214 is divided by 9?
7
What is the remainder when 38 is divided by 23?
15
Calculate the remainder when 253 is divided by 8.
5
Calculate the remainder when 854 is divided by 170.
4
What is the remainder when 295 is divided by 19?
10
Calculate the remainder when 105 is divided by 3.
0
What is the remainder when 2379 is divided by 474?
9
What is the remainder when 662 is divided by 44?
2
What is the remainder when 985 is divided by 33?
28
Calculate the remainder when 108 is divided by 7.
3
Calculate the remainder when 2459 is divided by 6.
5
Calculate the remainder when 99 is divided by 51.
48
Calculate the remainder when 234 is divided by 34.
30
Calculate the remainder when 112 is divided by 62.
50
What is the remainder when 1021 is divided by 78?
7
What is the remainder when 108 is divided by 10?
8
What is the remainder when 473 is divided by 25?
23
Calculate the remainder when 72 is divided by 10.
2
Calculate the remainder when 399 is divided by 66.
3
Calculate the remainder when 3084 is divided by 258.
246
Calculate the remainder when 1040 is divided by 253.
28
Calculate the remainder when 230 is divided by 118.
112
Calculate the remainder when 1951 is divided by 122.
121
Calculate the remainder when 200 is divided by 142.
58
Calculate the remainder when 1434 is divided by 351.
30
What is the remainder when 2119 is divided by 162?
13
Calculate the remainder when 538 is divided by 25.
13
What is the remainder when 178 is divided by 8?
2
Calculate the remainder when 2439 is divided by 20.
19
Calculate the remainder when 358 is divided by 73.
66
Calculate the remainder when 196 is divided by 78.
40
What is the remainder when 294 is divided by 269?
25
Calculate the remainder when 169 is divided by 51.
16
Calculate the remainder when 177 is divided by 13.
8
What is the remainder when 63 is divided by 23?
17
What is the remainder when 182 is divided by 96?
86
What is the remainder when 8499 is divided by 13?
10
What is the remainder when 288 is divided by 263?
25
Calculate the remainder when 18295 is divided by 15.
10
Calculate the remainder when 403 is divided by 45.
43
Calculate the remainder when 242 is divided by 23.
12
What is the remainder when 1923 is divided by 77?
75
What is the remainder when 14 is divided by 7?
0
Calculate the remainder when 6354 is divided by 227.
225
What is the remainder when 23653 is divided by 95?
93
What is the remainder when 121 is divided by 28?
9
What is the remainder when 1256 is divided by 26?
8
Calculate the remainder when 467 is divided by 47.
44
Calculate the remainder when 3887 is divided by 108.
107
Calculate the remainder when 63 is divided by 14.
7
Calculate the remainder when 2588 is divided by 9.
5
What is the remainder when 3222 is divided by 75?
72
Calculate the remainder when 251 is divided by 24.
11
What is the remainder when 64 is divided by 2?
0
Calculate the remainder when 209 is divided by 43.
37
What is the remainder when 151 is divided by 47?
10
Calculate the remainder when 1026 is divided by 228.
114
Calculate the remainder when 152 is divided by 57.
38
Calculate the remainder when 7904 is divided by 85.
84
Calculate the remainder when 1166 is divided by 130.
126
Calculate the remainder when 210 is divided by 16.
2
What is the remainder when 502 is divided by 78?
34
What is the remainder when 144 is divided by 51?
42
Calculate the remainder when 188 is divided by 39.
32
Calculate the remainder when 178 is divided by 45.
43
Calculate the remainder when 4362 is divided by 311.
8
Calculate the remainder when 949 is divided by 275.
124
Calculate the remainder when 3498 is divided by 140.
138
Calculate the remainder when 725 is divided by 104.
101
Calculate the remainder when 210 is divided by 63.
21
Calculate the remainder when 1138 is divided by 102.
16
What is the remainder when 28031 is divided by 315?
311
What is the remainder when 3374 is divided by 376?
366
What is the remainder when 284 is divided by 73?
65
Calculate the remainder when 2776 is divided by 200.
176
Calculate the remainder when 7569 is divided by 113.
111
What is the remainder when 301 is divided by 79?
64
What is the remainder when 888 is divided by 18?
6
What is the remainder when 10293 is divided by 26?
23
What is the remainder when 27 is divided by 21?
6
What is the remainder when 4100 is divided by 152?
148
Calculate the remainder when 197 is divided by 22.
21
Calculate the remainder when 87 is divided by 7.
3
What is the remainder when 46 is divided by 43?
3
Calculate the remainder when 86 is divided by 20.
6
Calculate the remainder when 187 is divided by 32.
27
Calculate the remainder when 192 is divided by 161.
31
What is the remainder when 22638 is divided by 5?
3
What is the remainder when 315 is divided by 14?
7
Calculate the remainder when 488 is divided by 49.
47
Calculate the remainder when 277 is divided by 40.
37
Calculate the remainder when 228 is divided by 23.
21
Calculate the remainder when 49 is divided by 19.
11
What is the remainder when 2848 is divided by 17?
9
What is the remainder when 722 is divided by 26?
20
Calculate the remainder when 190 is divided by 64.
62
Calculate the remainder when 271 is divided by 7.
5
What is the remainder when 598 is divided by 6?
4
What is the remainder when 203 is divided by 148?
55
What is the remainder when 182 is divided by 177?
5
What is the remainder when 45598 is divided by 304?
302
Calculate the remainder when 1558 is divided by 60.
58
Calculate the remainder when 352 is divided by 31.
11
Calculate the remainder when 1801 is divided by 304.
281
What is the remainder when 2918 is divided by 75?
68
Calculate the remainder when 508 is divided by 10.